{"id":150,"date":"2026-01-21T23:02:17","date_gmt":"2026-01-22T04:02:17","guid":{"rendered":"https:\/\/ybbeauport.com\/?page_id=150"},"modified":"2026-01-21T23:02:17","modified_gmt":"2026-01-22T04:02:17","slug":"glossaire","status":"publish","type":"page","link":"https:\/\/ybbeauport.com\/?page_id=150","title":{"rendered":"Glossaire"},"content":{"rendered":"<div class=\"mywpglossary\"><div class=\"mywpglossary-letters\"><span class=\"mywpglossary-letter inactive\">#<\/span><span class=\"mywpglossary-letter inactive\">A<\/span><span class=\"mywpglossary-letter inactive\">B<\/span><span class=\"mywpglossary-letter inactive\">C<\/span><a href=\"#mywpglossary-letter-D\" class=\"mywpglossary-letter\">D<\/a><span class=\"mywpglossary-letter inactive\">E<\/span><span class=\"mywpglossary-letter inactive\">F<\/span><span class=\"mywpglossary-letter inactive\">G<\/span><span class=\"mywpglossary-letter inactive\">H<\/span><span class=\"mywpglossary-letter inactive\">I<\/span><span class=\"mywpglossary-letter inactive\">J<\/span><span class=\"mywpglossary-letter inactive\">K<\/span><a href=\"#mywpglossary-letter-L\" class=\"mywpglossary-letter\">L<\/a><span class=\"mywpglossary-letter inactive\">M<\/span><span class=\"mywpglossary-letter inactive\">N<\/span><span class=\"mywpglossary-letter inactive\">O<\/span><span class=\"mywpglossary-letter inactive\">P<\/span><span class=\"mywpglossary-letter inactive\">Q<\/span><span class=\"mywpglossary-letter inactive\">R<\/span><span class=\"mywpglossary-letter inactive\">S<\/span><span class=\"mywpglossary-letter inactive\">T<\/span><span class=\"mywpglossary-letter inactive\">U<\/span><span class=\"mywpglossary-letter inactive\">V<\/span><span class=\"mywpglossary-letter inactive\">W<\/span><span class=\"mywpglossary-letter inactive\">X<\/span><span class=\"mywpglossary-letter inactive\">Y<\/span><span class=\"mywpglossary-letter inactive\">Z<\/span><\/div><div itemscope itemtype=\"https:\/\/schema.org\/DefinedTermSet\" class=\"mywpglossary-list\"><div id=\"mywpglossary-letter-D\" class=\"mywpglossary-list-letter\">D<\/div><div class=\"mywpglossary-letter-content\"><div itemscope itemtype=\"https:\/\/schema.org\/DefinedTerm\" class=\"mywpglossary-list-entry\"><div itemprop=\"name\" id=\"mywpglossary-term-deplacements-ou-tai-sabaki\" class=\"mywpglossary-list-entry-title\">D\u00e9placements ou Tai Sabaki<svg xmlns=\"http:\/\/www.w3.org\/2000\/svg\" height=\"24\" viewBox=\"0 0 24 24\" width=\"24\"><path d=\"M0 0h24v24H0V0z\" fill=\"none\"\/><path d=\"M7.41 8.59L12 13.17l4.59-4.58L18 10l-6 6-6-6 1.41-1.41z\"\/><\/svg><\/div><div itemprop=\"description\" class=\"mywpglossary-list-entry-description\" data-glossary=\"mywpglossary-term-deplacements-ou-tai-sabaki\"><p><!-- wp:group {\"layout\":{\"type\":\"flex\",\"flexWrap\":\"nowrap\"}} -->\n<div class=\"wp-block-group\"><!-- wp:paragraph -->\n<p>Irimi (ilimi): avancer.<\/p>\n<!-- \/wp:paragraph -->\n\n<!-- wp:audio {\"id\":260} -->\n<figure class=\"wp-block-audio\"><audio controls src=\"https:\/\/ybbeauport.com\/wp-content\/uploads\/2026\/03\/irimi-1.mp3\"><\/audio><\/figure>\n<!-- \/wp:audio --><\/div>\n<!-- \/wp:group -->\n\n<!-- wp:group {\"layout\":{\"type\":\"flex\",\"flexWrap\":\"nowrap\"}} -->\n<div class=\"wp-block-group\"><!-- wp:paragraph -->\n<p>Hiraki (hilaki): pas de c\u00f4t\u00e9<\/p>\n<!-- \/wp:paragraph -->\n\n<!-- wp:audio {\"id\":262} -->\n<figure class=\"wp-block-audio\"><audio controls src=\"https:\/\/ybbeauport.com\/wp-content\/uploads\/2026\/03\/hiraki-1.ogg\"><\/audio><\/figure>\n<!-- \/wp:audio --><\/div>\n<!-- \/wp:group -->\n\n<!-- wp:paragraph -->\n<p>Hiki (hiki) : reculer. <\/p>\n<!-- \/wp:paragraph -->\n\n<!-- wp:audio {\"id\":263} -->\n<figure class=\"wp-block-audio\"><audio controls src=\"https:\/\/ybbeauport.com\/wp-content\/uploads\/2026\/03\/hiki-1.ogg\"><\/audio><\/figure>\n<!-- \/wp:audio -->\n\n<!-- wp:paragraph -->\n<p>Surikomi (soulikomi) : chass\u00e9-crois\u00e9<\/p>\n<!-- \/wp:paragraph -->\n\n<!-- wp:audio {\"id\":264} -->\n<figure class=\"wp-block-audio\"><audio controls src=\"https:\/\/ybbeauport.com\/wp-content\/uploads\/2026\/03\/surikomi-1.ogg\"><\/audio><\/figure>\n<!-- \/wp:audio -->\n\n<!-- wp:paragraph -->\n<p>Koguri (kogouli): <\/p>\n<!-- \/wp:paragraph -->\n\n<!-- wp:audio {\"id\":265} -->\n<figure class=\"wp-block-audio\"><audio controls src=\"https:\/\/ybbeauport.com\/wp-content\/uploads\/2026\/03\/koguri-1.mp3\"><\/audio><\/figure>\n<!-- \/wp:audio -->\n\n<!-- wp:paragraph -->\n<p>Tobi : sauter sur place.<\/p>\n<!-- \/wp:paragraph -->\n\n<!-- wp:audio {\"id\":266} -->\n<figure class=\"wp-block-audio\"><audio controls src=\"https:\/\/ybbeauport.com\/wp-content\/uploads\/2026\/03\/tobi-1.ogg\"><\/audio><\/figure>\n<!-- \/wp:audio -->\n\n<!-- wp:paragraph -->\n<p>Nagashi (nagashi) : <\/p>\n<!-- \/wp:paragraph -->\n\n<!-- wp:audio {\"id\":267} -->\n<figure class=\"wp-block-audio\"><audio controls src=\"https:\/\/ybbeauport.com\/wp-content\/uploads\/2026\/03\/nagashi-2.ogg\"><\/audio><\/figure>\n<!-- \/wp:audio --><\/p><\/div><\/div><\/div><div id=\"mywpglossary-letter-L\" class=\"mywpglossary-list-letter\">L<\/div><div class=\"mywpglossary-letter-content\"><div itemscope itemtype=\"https:\/\/schema.org\/DefinedTerm\" class=\"mywpglossary-list-entry\"><div itemprop=\"name\" id=\"mywpglossary-term-les-chiffres-japonais\" class=\"mywpglossary-list-entry-title\">Les chiffres japonais<svg xmlns=\"http:\/\/www.w3.org\/2000\/svg\" height=\"24\" viewBox=\"0 0 24 24\" width=\"24\"><path d=\"M0 0h24v24H0V0z\" fill=\"none\"\/><path d=\"M7.41 8.59L12 13.17l4.59-4.58L18 10l-6 6-6-6 1.41-1.41z\"\/><\/svg><\/div><div itemprop=\"description\" class=\"mywpglossary-list-entry-description\" data-glossary=\"mywpglossary-term-les-chiffres-japonais\"><p><!-- wp:paragraph -->\n<p>0  : \u96f6 (rei) ou zero<\/p>\n<!-- \/wp:paragraph -->\n\n<!-- wp:paragraph -->\n<p>1 : \u4e00 (ichi)        <\/p>\n<!-- \/wp:paragraph -->\n\n<!-- wp:audio {\"id\":183} -->\n<figure class=\"wp-block-audio\"><audio controls src=\"https:\/\/ybbeauport.com\/wp-content\/uploads\/2026\/04\/ichi.mp3\"><\/audio><\/figure>\n<!-- \/wp:audio -->\n\n<!-- wp:paragraph -->\n<p>2 : \u4e8c (ni)<\/p>\n<!-- \/wp:paragraph -->\n\n<!-- wp:audio {\"id\":184} -->\n<figure class=\"wp-block-audio\"><audio controls src=\"https:\/\/ybbeauport.com\/wp-content\/uploads\/2026\/04\/ni.mp3\"><\/audio><\/figure>\n<!-- \/wp:audio -->\n\n<!-- wp:paragraph -->\n<p>3 : \u4e09 (san) <\/p>\n<!-- \/wp:paragraph -->\n\n<!-- wp:audio {\"id\":185} -->\n<figure class=\"wp-block-audio\"><audio controls src=\"https:\/\/ybbeauport.com\/wp-content\/uploads\/2026\/04\/san.mp3\"><\/audio><\/figure>\n<!-- \/wp:audio -->\n\n<!-- wp:paragraph -->\n<p>4 : \u56db ( shi \/ yon)<\/p>\n<!-- \/wp:paragraph -->\n\n<!-- wp:audio {\"id\":186} -->\n<figure class=\"wp-block-audio\"><audio controls src=\"https:\/\/ybbeauport.com\/wp-content\/uploads\/2026\/04\/shi-yon.mp3\"><\/audio><\/figure>\n<!-- \/wp:audio -->\n\n<!-- wp:paragraph -->\n<p>5 : \u4e94 (go) <\/p>\n<!-- \/wp:paragraph -->\n\n<!-- wp:audio {\"id\":187} -->\n<figure class=\"wp-block-audio\"><audio controls src=\"https:\/\/ybbeauport.com\/wp-content\/uploads\/2026\/04\/go.mp3\"><\/audio><\/figure>\n<!-- \/wp:audio -->\n\n<!-- wp:paragraph -->\n<p>6 : \u516d (roku) <\/p>\n<!-- \/wp:paragraph -->\n\n<!-- wp:audio {\"id\":188} -->\n<figure class=\"wp-block-audio\"><audio controls src=\"https:\/\/ybbeauport.com\/wp-content\/uploads\/2026\/04\/roku.mp3\"><\/audio><\/figure>\n<!-- \/wp:audio -->\n\n<!-- wp:paragraph -->\n<p>7 : \u4e03 (shichi \/ nana)<\/p>\n<!-- \/wp:paragraph -->\n\n<!-- wp:audio {\"id\":189} -->\n<figure class=\"wp-block-audio\"><audio controls src=\"https:\/\/ybbeauport.com\/wp-content\/uploads\/2026\/04\/shichi-nana.mp3\"><\/audio><\/figure>\n<!-- \/wp:audio -->\n\n<!-- wp:paragraph -->\n<p>8 : \u516b (hachi) <\/p>\n<!-- \/wp:paragraph -->\n\n<!-- wp:audio {\"id\":190} -->\n<figure class=\"wp-block-audio\"><audio controls src=\"https:\/\/ybbeauport.com\/wp-content\/uploads\/2026\/04\/hachi.mp3\"><\/audio><\/figure>\n<!-- \/wp:audio -->\n\n<!-- wp:paragraph -->\n<p>9 : \u4e5d (ky\u016b \/ ku) <\/p>\n<!-- \/wp:paragraph -->\n\n<!-- wp:audio {\"id\":192} -->\n<figure class=\"wp-block-audio\"><audio controls src=\"https:\/\/ybbeauport.com\/wp-content\/uploads\/2026\/04\/ku.mp3\"><\/audio><\/figure>\n<!-- \/wp:audio -->\n\n<!-- wp:paragraph -->\n<p>10 :  \u5341 (j\u016b) <\/p>\n<!-- \/wp:paragraph -->\n\n<!-- wp:audio {\"id\":193} -->\n<figure class=\"wp-block-audio\"><audio controls src=\"https:\/\/ybbeauport.com\/wp-content\/uploads\/2026\/04\/ju-1.mp3\"><\/audio><\/figure>\n<!-- \/wp:audio -->\n\n<!-- wp:paragraph -->\n<p>100 : hyaku<\/p>\n<!-- \/wp:paragraph -->\n\n<!-- wp:audio {\"id\":194} -->\n<figure class=\"wp-block-audio\"><audio controls src=\"https:\/\/ybbeauport.com\/wp-content\/uploads\/2026\/04\/hyaku.mp3\"><\/audio><\/figure>\n<!-- \/wp:audio -->\n\n<!-- wp:paragraph -->\n<p>1000 : sen<\/p>\n<!-- \/wp:paragraph -->\n\n<!-- wp:audio {\"id\":195} -->\n<figure class=\"wp-block-audio\"><audio controls src=\"https:\/\/ybbeauport.com\/wp-content\/uploads\/2026\/04\/sen.mp3\"><\/audio><\/figure>\n<!-- \/wp:audio -->\n\n<!-- wp:paragraph -->\n<p>10 000 : man (ou ichi man)<\/p>\n<!-- \/wp:paragraph -->\n\n<!-- wp:audio {\"id\":196} -->\n<figure class=\"wp-block-audio\"><audio controls src=\"https:\/\/ybbeauport.com\/wp-content\/uploads\/2026\/04\/man.mp3\"><\/audio><\/figure>\n<!-- \/wp:audio -->\n\n<!-- wp:paragraph -->\n<p>Le chiffre 4 et 7 : Bien que le chiffre officiel soit &lsquo;shi&rsquo;, c&rsquo;est aussi le son pour le terme &lsquo;mort&rsquo;. C&rsquo;est pour la raison que les japonais pr\u00e9f\u00e8rent souvent utiliser yon \/ nana.<\/p>\n<!-- \/wp:paragraph -->\n\n<!-- wp:paragraph -->\n<p>Compter : Il faut simplement combiner les chiffres et nombres de base pr\u00e9c\u00e9dents.<\/p>\n<!-- \/wp:paragraph -->\n\n<!-- wp:paragraph -->\n<p>34 = san&rsquo;j\u016b&rsquo;shi \/ yon (3-10-4)<\/p>\n<!-- \/wp:paragraph -->\n\n<!-- wp:audio {\"id\":197} -->\n<figure class=\"wp-block-audio\"><audio controls src=\"https:\/\/ybbeauport.com\/wp-content\/uploads\/2026\/04\/34.mp3\"><\/audio><\/figure>\n<!-- \/wp:audio -->\n\n<!-- wp:paragraph -->\n<p>1539 = sen&rsquo;gohyaku&rsquo;san&rsquo;j\u016b&rsquo;kyu<\/p>\n<!-- \/wp:paragraph -->\n\n<!-- wp:audio {\"id\":198} -->\n<figure class=\"wp-block-audio\"><audio controls src=\"https:\/\/ybbeauport.com\/wp-content\/uploads\/2026\/04\/1539.mp3\"><\/audio><\/figure>\n<!-- \/wp:audio -->\n\n<!-- wp:paragraph -->\n<p><\/p>\n<!-- \/wp:paragraph --><\/p><\/div><\/div><div itemscope itemtype=\"https:\/\/schema.org\/DefinedTerm\" class=\"mywpglossary-list-entry\"><div itemprop=\"name\" id=\"mywpglossary-term-les-sons-en-japonais\" class=\"mywpglossary-list-entry-title\">Les sons en japonais<svg xmlns=\"http:\/\/www.w3.org\/2000\/svg\" height=\"24\" viewBox=\"0 0 24 24\" width=\"24\"><path d=\"M0 0h24v24H0V0z\" fill=\"none\"\/><path d=\"M7.41 8.59L12 13.17l4.59-4.58L18 10l-6 6-6-6 1.41-1.41z\"\/><\/svg><\/div><div itemprop=\"description\" class=\"mywpglossary-list-entry-description\" data-glossary=\"mywpglossary-term-les-sons-en-japonais\"><p><!-- wp:paragraph -->\n<p>Voici la prononciation g\u00e9n\u00e9rale des sons en japonais : <br><br>Les \u00ab\u00a0AI\u00a0\u00bb se prononcent \u00ab\u00a0AILLE\u00a0\u00bb<\/p>\n<!-- \/wp:paragraph -->\n\n<!-- wp:paragraph -->\n<p>Les \u00ab\u00a0CH\u00a0\u00bb se prononcent \u00ab\u00a0TCH\u00a0\u00bb<\/p>\n<!-- \/wp:paragraph -->\n\n<!-- wp:paragraph -->\n<p>Les \u00ab\u00a0SH\u00a0\u00bb se prononcent \u00ab\u00a0CH\u00a0\u00bb<\/p>\n<!-- \/wp:paragraph -->\n\n<!-- wp:paragraph -->\n<p>Les \u00ab\u00a0E\u00a0\u00bb se prononcent \u00ab\u00a0\u00e9\u00a0\u00bb<\/p>\n<!-- \/wp:paragraph -->\n\n<!-- wp:paragraph -->\n<p>Les \u00ab\u00a0G\u00a0\u00bb se prononcent \u00ab\u00a0GU<\/p>\n<!-- \/wp:paragraph -->\n\n<!-- wp:paragraph -->\n<p>Les \u00ab\u00a0J\u00a0\u00bb se prononcent \u00ab\u00a0DJ\u00a0\u00bb<\/p>\n<!-- \/wp:paragraph -->\n\n<!-- wp:paragraph -->\n<p>Les \u00ab\u00a0R\u00a0\u00bb se prononcent \u00ab\u00a0L\u00a0\u00bb <\/p>\n<!-- \/wp:paragraph -->\n\n<!-- wp:paragraph -->\n<p>Les \u00ab\u00a0S\u00a0\u00bb se prononcent \u00ab\u00a0SS\u00a0\u00bb<\/p>\n<!-- \/wp:paragraph -->\n\n<!-- wp:paragraph -->\n<p>Les \u00ab\u00a0U\u00a0\u00bb se prononcent \u00ab\u00a0OU\u00a0\u00bb (Presque muet)<\/p>\n<!-- \/wp:paragraph -->\n\n<!-- wp:paragraph -->\n<p><\/p>\n<!-- \/wp:paragraph --><\/p><\/div><\/div><div itemscope itemtype=\"https:\/\/schema.org\/DefinedTerm\" class=\"mywpglossary-list-entry\"><div itemprop=\"name\" id=\"mywpglossary-term-lexique-de-combat\" class=\"mywpglossary-list-entry-title\">Lexique de combat<svg xmlns=\"http:\/\/www.w3.org\/2000\/svg\" height=\"24\" viewBox=\"0 0 24 24\" width=\"24\"><path d=\"M0 0h24v24H0V0z\" fill=\"none\"\/><path d=\"M7.41 8.59L12 13.17l4.59-4.58L18 10l-6 6-6-6 1.41-1.41z\"\/><\/svg><\/div><div itemprop=\"description\" class=\"mywpglossary-list-entry-description\" data-glossary=\"mywpglossary-term-lexique-de-combat\"><p><!-- wp:paragraph -->\n<p>Couleurs en combat : Prononciation entre parenth\u00e8ses.<\/p>\n<!-- \/wp:paragraph -->\n\n<!-- wp:audio {\"id\":172,\"align\":\"right\"} -->\n<figure class=\"wp-block-audio alignright\"><audio controls src=\"https:\/\/ybbeauport.com\/wp-content\/uploads\/2026\/03\/Ao.ogg\"><\/audio><\/figure>\n<!-- \/wp:audio -->\n\n<!-- wp:paragraph {\"align\":\"left\"} -->\n<p class=\"has-text-align-left\">Ao : Bleu<em> <\/em><\/p>\n<!-- \/wp:paragraph -->\n\n<!-- wp:paragraph -->\n<p>Aka : Rouge<\/p>\n<!-- \/wp:paragraph -->\n\n<!-- wp:audio {\"id\":199} -->\n<figure class=\"wp-block-audio\"><audio controls src=\"https:\/\/ybbeauport.com\/wp-content\/uploads\/2026\/03\/aka.mp3\"><\/audio><\/figure>\n<!-- \/wp:audio -->\n\n<!-- wp:paragraph -->\n<p>Blanc : Shiro (Shilo)<\/p>\n<!-- \/wp:paragraph -->\n\n<!-- wp:audio {\"id\":200} -->\n<figure class=\"wp-block-audio\"><audio controls src=\"https:\/\/ybbeauport.com\/wp-content\/uploads\/2026\/03\/shiro.mp3\"><\/audio><\/figure>\n<!-- \/wp:audio -->\n\n<!-- wp:paragraph -->\n<p>Termes g\u00e9n\u00e9raux : <\/p>\n<!-- \/wp:paragraph -->\n\n<!-- wp:paragraph -->\n<p>Commencer : Hajime (Hadjim\u00e9)<\/p>\n<!-- \/wp:paragraph -->\n\n<!-- wp:audio {\"id\":201} -->\n<figure class=\"wp-block-audio\"><audio controls src=\"https:\/\/ybbeauport.com\/wp-content\/uploads\/2026\/04\/hajime.mp3\"><\/audio><\/figure>\n<!-- \/wp:audio -->\n\n<!-- wp:paragraph -->\n<p>Arr\u00eater : Yame (Yam\u00e9)<\/p>\n<!-- \/wp:paragraph -->\n\n<!-- wp:audio {\"id\":202} -->\n<figure class=\"wp-block-audio\"><audio controls src=\"https:\/\/ybbeauport.com\/wp-content\/uploads\/2026\/04\/yame.mp3\"><\/audio><\/figure>\n<!-- \/wp:audio -->\n\n<!-- wp:paragraph -->\n<p>Avertissement l\u00e9ger : Chui (Tchoui)<\/p>\n<!-- \/wp:paragraph -->\n\n<!-- wp:audio {\"id\":203} -->\n<figure class=\"wp-block-audio\"><audio controls src=\"https:\/\/ybbeauport.com\/wp-content\/uploads\/2026\/04\/chui.mp3\"><\/audio><\/figure>\n<!-- \/wp:audio -->\n\n<!-- wp:paragraph -->\n<p>Avertissement s\u00e9v\u00e8re : Hansoku (Hansokou)<\/p>\n<!-- \/wp:paragraph -->\n\n<!-- wp:audio {\"id\":204} -->\n<figure class=\"wp-block-audio\"><audio controls src=\"https:\/\/ybbeauport.com\/wp-content\/uploads\/2026\/04\/hansoku.mp3\"><\/audio><\/figure>\n<!-- \/wp:audio -->\n\n<!-- wp:paragraph -->\n<p>Immobilisation : Osae (Osa\u00e9)<\/p>\n<!-- \/wp:paragraph -->\n\n<!-- wp:audio {\"id\":205} -->\n<figure class=\"wp-block-audio\"><audio controls src=\"https:\/\/ybbeauport.com\/wp-content\/uploads\/2026\/04\/osae.mp3\"><\/audio><\/figure>\n<!-- \/wp:audio -->\n\n<!-- wp:paragraph -->\n<p>Combat d&rsquo;entra\u00eede : Randori (randoli)<\/p>\n<!-- \/wp:paragraph -->\n\n<!-- wp:audio {\"id\":206} -->\n<figure class=\"wp-block-audio\"><audio controls src=\"https:\/\/ybbeauport.com\/wp-content\/uploads\/2026\/04\/randori.mp3\"><\/audio><\/figure>\n<!-- \/wp:audio -->\n\n<!-- wp:paragraph -->\n<p>Haut du corps (en haut des \u00e9paules) : Jodan (Djodan)<\/p>\n<!-- \/wp:paragraph -->\n\n<!-- wp:audio {\"id\":207} -->\n<figure class=\"wp-block-audio\"><audio controls src=\"https:\/\/ybbeauport.com\/wp-content\/uploads\/2026\/04\/jodan.mp3\"><\/audio><\/figure>\n<!-- \/wp:audio -->\n\n<!-- wp:paragraph -->\n<p>Centre du cors (de l&rsquo;abdomens aux \u00e9paules) : Chudan (Tchudan)<\/p>\n<!-- \/wp:paragraph -->\n\n<!-- wp:audio {\"id\":208} -->\n<figure class=\"wp-block-audio\"><audio controls src=\"https:\/\/ybbeauport.com\/wp-content\/uploads\/2026\/04\/chudan.mp3\"><\/audio><\/figure>\n<!-- \/wp:audio -->\n\n<!-- wp:paragraph -->\n<p>Bas du corps (sous la ceinture) : Gedan (g\u00e9dan)<\/p>\n<!-- \/wp:paragraph -->\n\n<!-- wp:audio {\"id\":209} -->\n<figure class=\"wp-block-audio\"><audio controls src=\"https:\/\/ybbeauport.com\/wp-content\/uploads\/2026\/04\/gedan.mp3\"><\/audio><\/figure>\n<!-- \/wp:audio -->\n\n<!-- wp:paragraph -->\n<p><\/p>\n<!-- \/wp:paragraph -->\n\n<!-- wp:paragraph -->\n<p><\/p>\n<!-- \/wp:paragraph --><\/p><\/div><\/div><div itemscope itemtype=\"https:\/\/schema.org\/DefinedTerm\" class=\"mywpglossary-list-entry\"><div itemprop=\"name\" id=\"mywpglossary-term-lexique-general\" class=\"mywpglossary-list-entry-title\">Lexique g\u00e9n\u00e9ral<svg xmlns=\"http:\/\/www.w3.org\/2000\/svg\" height=\"24\" viewBox=\"0 0 24 24\" width=\"24\"><path d=\"M0 0h24v24H0V0z\" fill=\"none\"\/><path d=\"M7.41 8.59L12 13.17l4.59-4.58L18 10l-6 6-6-6 1.41-1.41z\"\/><\/svg><\/div><div itemprop=\"description\" class=\"mywpglossary-list-entry-description\" data-glossary=\"mywpglossary-term-lexique-general\"><p><!-- wp:paragraph -->\n<p>Les \u00e9tapes du salut : <\/p>\n<!-- \/wp:paragraph -->\n\n<!-- wp:paragraph -->\n<p>Rei : Action du salut (l\u00e9g\u00e8re compression des abdominaux en penchant la t\u00eate) : r\u00e9v\u00e9rence \/ gratitude.<\/p>\n<!-- \/wp:paragraph -->\n\n<!-- wp:paragraph -->\n<p>Ni : r\u00e9f\u00e8re au mot pr\u00e9c\u00e9dent.<\/p>\n<!-- \/wp:paragraph -->\n\n<!-- wp:paragraph -->\n<p>Shomen ni rei : Salut envers le ma\u00eetre (ou invit\u00e9 tr\u00e8s honorifique)<\/p>\n<!-- \/wp:paragraph -->\n\n<!-- wp:audio {\"id\":212} -->\n<figure class=\"wp-block-audio\"><audio controls src=\"https:\/\/ybbeauport.com\/wp-content\/uploads\/2026\/04\/shomen-ni-rei.mp3\"><\/audio><\/figure>\n<!-- \/wp:audio -->\n\n<!-- wp:paragraph -->\n<p>Sensei ni rei : Salut envers le professeur. <\/p>\n<!-- \/wp:paragraph -->\n\n<!-- wp:audio {\"id\":213} -->\n<figure class=\"wp-block-audio\"><audio controls src=\"https:\/\/ybbeauport.com\/wp-content\/uploads\/2026\/04\/sensei-ni-rei.mp3\"><\/audio><\/figure>\n<!-- \/wp:audio -->\n\n<!-- wp:paragraph -->\n<p>Otagai ni rei : Salut envers tous les pratiquants.<\/p>\n<!-- \/wp:paragraph -->\n\n<!-- wp:audio {\"id\":214} -->\n<figure class=\"wp-block-audio\"><audio controls src=\"https:\/\/ybbeauport.com\/wp-content\/uploads\/2026\/04\/otagai-ni-rei.mp3\"><\/audio><\/figure>\n<!-- \/wp:audio -->\n\n<!-- wp:paragraph -->\n<p>Seiza  : Position assise (sei = calme, za = assis, position ou statut)<\/p>\n<!-- \/wp:paragraph -->\n\n<!-- wp:audio {\"id\":211} -->\n<figure class=\"wp-block-audio\"><audio controls src=\"https:\/\/ybbeauport.com\/wp-content\/uploads\/2026\/04\/seiza.mp3\"><\/audio><\/figure>\n<!-- \/wp:audio -->\n\n<!-- wp:paragraph -->\n<p>Kiristu : Se remettre debout <\/p>\n<!-- \/wp:paragraph -->\n\n<!-- wp:paragraph -->\n<p><\/p>\n<!-- \/wp:paragraph -->\n\n<!-- wp:paragraph -->\n<p><\/p>\n<!-- \/wp:paragraph --><\/p><\/div><\/div><\/div><\/div><\/div>","protected":false},"excerpt":{"rendered":"","protected":false},"author":1,"featured_media":0,"parent":0,"menu_order":0,"comment_status":"closed","ping_status":"closed","template":"","meta":{"_themeisle_gutenberg_block_has_review":false,"footnotes":""},"class_list":["post-150","page","type-page","status-publish","hentry"],"_links":{"self":[{"href":"https:\/\/ybbeauport.com\/index.php?rest_route=\/wp\/v2\/pages\/150","targetHints":{"allow":["GET"]}}],"collection":[{"href":"https:\/\/ybbeauport.com\/index.php?rest_route=\/wp\/v2\/pages"}],"about":[{"href":"https:\/\/ybbeauport.com\/index.php?rest_route=\/wp\/v2\/types\/page"}],"author":[{"embeddable":true,"href":"https:\/\/ybbeauport.com\/index.php?rest_route=\/wp\/v2\/users\/1"}],"replies":[{"embeddable":true,"href":"https:\/\/ybbeauport.com\/index.php?rest_route=%2Fwp%2Fv2%2Fcomments&post=150"}],"version-history":[{"count":1,"href":"https:\/\/ybbeauport.com\/index.php?rest_route=\/wp\/v2\/pages\/150\/revisions"}],"predecessor-version":[{"id":151,"href":"https:\/\/ybbeauport.com\/index.php?rest_route=\/wp\/v2\/pages\/150\/revisions\/151"}],"wp:attachment":[{"href":"https:\/\/ybbeauport.com\/index.php?rest_route=%2Fwp%2Fv2%2Fmedia&parent=150"}],"curies":[{"name":"wp","href":"https:\/\/api.w.org\/{rel}","templated":true}]}}